{"id":3477,"date":"2023-12-12T10:22:50","date_gmt":"2023-12-12T13:22:50","guid":{"rendered":"https:\/\/smartiersoftware.com\/testing\/mi-cuenta\/"},"modified":"2024-02-19T10:18:27","modified_gmt":"2024-02-19T13:18:27","slug":"mi-cuenta","status":"publish","type":"page","link":"https:\/\/smartiersoftware.com\/testing\/mi-cuenta\/","title":{"rendered":"Mi cuenta"},"content":{"rendered":"\t\t<div data-elementor-type=\"wp-page\" data-elementor-id=\"3477\" class=\"elementor elementor-3477\" data-elementor-post-type=\"page\">\n\t\t\t\t<div class=\"elementor-element elementor-element-49fb427 e-flex e-con-boxed e-con e-parent\" data-id=\"49fb427\" data-element_type=\"container\" data-e-type=\"container\">\n\t\t\t\t\t<div class=\"e-con-inner\">\n\t\t\t\t<div class=\"elementor-element elementor-element-ead5733 e-my-account-tabs-horizontal elementor-widget elementor-widget-woocommerce-my-account\" data-id=\"ead5733\" data-element_type=\"widget\" data-e-type=\"widget\" data-settings=\"{&quot;forms_buttons_hover_animation&quot;:&quot;grow&quot;,&quot;tables_button_hover_animation&quot;:&quot;grow&quot;}\" data-widget_type=\"woocommerce-my-account.default\">\n\t\t\t\t<div class=\"elementor-widget-container\">\n\t\t\t\t\t<div class=\"e-my-account-tab e-my-account-tab__ \">\t\t\t<div class=\"woocommerce\"><\/div>\t\t<\/div>\n\t\t\t\t\t\t<\/div>\n\t\t\t\t<\/div>\n\t\t\t\t<div class=\"elementor-element elementor-element-ace6e69 elementor-align-center elementor-widget__width-auto elementor-widget-tablet__width-auto elementor-widget-mobile__width-auto elementor-widget elementor-widget-button\" data-id=\"ace6e69\" data-element_type=\"widget\" data-e-type=\"widget\" data-widget_type=\"button.default\">\n\t\t\t\t<div class=\"elementor-widget-container\">\n\t\t\t\t\t\t\t\t\t<div class=\"elementor-button-wrapper\">\n\t\t\t\t\t<a class=\"elementor-button elementor-button-link elementor-size-md\" href=\"https:\/\/smartiersoftware.com\/testing\/cancelar-suscripcion\/\">\n\t\t\t\t\t\t<span class=\"elementor-button-content-wrapper\">\n\t\t\t\t\t\t\t\t\t<span class=\"elementor-button-text\">Ir a cancelar suscripci\u00f3n<\/span>\n\t\t\t\t\t<\/span>\n\t\t\t\t\t<\/a>\n\t\t\t\t<\/div>\n\t\t\t\t\t\t\t\t<\/div>\n\t\t\t\t<\/div>\n\t\t\t\t\t<\/div>\n\t\t\t\t<\/div>\n\t\t\t\t<\/div>\n\t\t","protected":false},"excerpt":{"rendered":"<p>Escritorio Pedidos Descargas Direcciones Detalles de la cuenta Cerrar sesi\u00f3n Escritorio Pedidos Descargas Direcciones Detalles de la cuenta Cerrar sesi\u00f3n Escritorio Pedidos Descargas Direcciones Detalles de la cuenta Cerrar sesi\u00f3n Escritorio Pedidos Descargas Direcciones Detalles de la cuenta Cerrar sesi\u00f3n Hola Admin (\u00bfno eres Admin? Cerrar sesi\u00f3n) Desde el escritorio de tu cuenta puedes ver [&hellip;]<\/p>\n","protected":false},"author":1,"featured_media":0,"parent":0,"menu_order":0,"comment_status":"closed","ping_status":"closed","template":"elementor_header_footer","meta":{"footnotes":""},"class_list":["post-3477","page","type-page","status-publish","hentry"],"yoast_head":"<!-- This site is optimized with the Yoast SEO plugin v27.3 - https:\/\/yoast.com\/product\/yoast-seo-wordpress\/ -->\n<title>Mi cuenta | Smartier Software<\/title>\n<meta name=\"robots\" content=\"noindex, follow, max-snippet:-1, max-image-preview:large, max-video-preview:-1\" \/>\n<meta property=\"og:locale\" content=\"es_ES\" \/>\n<meta property=\"og:type\" content=\"article\" \/>\n<meta property=\"og:title\" content=\"Mi cuenta | Smartier Software\" \/>\n<meta property=\"og:description\" content=\"Escritorio Pedidos Descargas Direcciones Detalles de la cuenta Cerrar sesi\u00f3n Escritorio Pedidos Descargas Direcciones Detalles de la cuenta Cerrar sesi\u00f3n Escritorio Pedidos Descargas Direcciones Detalles de la cuenta Cerrar sesi\u00f3n Escritorio Pedidos Descargas Direcciones Detalles de la cuenta Cerrar sesi\u00f3n Hola Admin (\u00bfno eres Admin? Cerrar sesi\u00f3n) Desde el escritorio de tu cuenta puedes ver [&hellip;]\" \/>\n<meta property=\"og:url\" content=\"https:\/\/smartiersoftware.com\/testing\/mi-cuenta\/\" \/>\n<meta property=\"og:site_name\" content=\"Smartier Software\" \/>\n<meta property=\"article:publisher\" content=\"https:\/\/www.facebook.com\/smartier.graphics\" \/>\n<meta property=\"article:modified_time\" content=\"2024-02-19T13:18:27+00:00\" \/>\n<meta property=\"og:image\" content=\"https:\/\/smartiersoftware.com\/testing\/wp-content\/uploads\/2024\/04\/Imagen-del-sitio-yoast.jpg\" \/>\n\t<meta property=\"og:image:width\" content=\"1200\" \/>\n\t<meta property=\"og:image:height\" content=\"675\" \/>\n\t<meta property=\"og:image:type\" content=\"image\/jpeg\" \/>\n<meta name=\"twitter:card\" content=\"summary_large_image\" \/>\n<meta name=\"twitter:label1\" content=\"Tiempo de lectura\" \/>\n\t<meta name=\"twitter:data1\" content=\"2 minutos\" \/>\n<script type=\"application\/ld+json\" class=\"yoast-schema-graph\">{\"@context\":\"https:\\\/\\\/schema.org\",\"@graph\":[{\"@type\":\"WebPage\",\"@id\":\"https:\\\/\\\/smartiersoftware.com\\\/testing\\\/mi-cuenta\\\/\",\"url\":\"https:\\\/\\\/smartiersoftware.com\\\/testing\\\/mi-cuenta\\\/\",\"name\":\"Mi cuenta | Smartier Software\",\"isPartOf\":{\"@id\":\"https:\\\/\\\/smartiersoftware.com\\\/testing\\\/#website\"},\"datePublished\":\"2023-12-12T13:22:50+00:00\",\"dateModified\":\"2024-02-19T13:18:27+00:00\",\"breadcrumb\":{\"@id\":\"https:\\\/\\\/smartiersoftware.com\\\/testing\\\/mi-cuenta\\\/#breadcrumb\"},\"inLanguage\":\"es\",\"potentialAction\":[{\"@type\":\"ReadAction\",\"target\":[\"https:\\\/\\\/smartiersoftware.com\\\/testing\\\/mi-cuenta\\\/\"]}]},{\"@type\":\"BreadcrumbList\",\"@id\":\"https:\\\/\\\/smartiersoftware.com\\\/testing\\\/mi-cuenta\\\/#breadcrumb\",\"itemListElement\":[{\"@type\":\"ListItem\",\"position\":1,\"name\":\"Portada\",\"item\":\"https:\\\/\\\/smartiersoftware.com\\\/testing\\\/\"},{\"@type\":\"ListItem\",\"position\":2,\"name\":\"Mi cuenta\"}]},{\"@type\":\"WebSite\",\"@id\":\"https:\\\/\\\/smartiersoftware.com\\\/testing\\\/#website\",\"url\":\"https:\\\/\\\/smartiersoftware.com\\\/testing\\\/\",\"name\":\"Smartier Software\",\"description\":\"Creado dentro de la industria gr\u00e1fica para estandarizar tu forma de cotizar y producir con cualquier sistema de impresi\u00f3n: impresi\u00f3n digital, gran formato, offset, flexo, serigraf\u00eda y mucho m\u00e1s.\",\"publisher\":{\"@id\":\"https:\\\/\\\/smartiersoftware.com\\\/testing\\\/#organization\"},\"potentialAction\":[{\"@type\":\"SearchAction\",\"target\":{\"@type\":\"EntryPoint\",\"urlTemplate\":\"https:\\\/\\\/smartiersoftware.com\\\/testing\\\/?s={search_term_string}\"},\"query-input\":{\"@type\":\"PropertyValueSpecification\",\"valueRequired\":true,\"valueName\":\"search_term_string\"}}],\"inLanguage\":\"es\"},{\"@type\":\"Organization\",\"@id\":\"https:\\\/\\\/smartiersoftware.com\\\/testing\\\/#organization\",\"name\":\"Smartier Software\",\"url\":\"https:\\\/\\\/smartiersoftware.com\\\/testing\\\/\",\"logo\":{\"@type\":\"ImageObject\",\"inLanguage\":\"es\",\"@id\":\"https:\\\/\\\/smartiersoftware.com\\\/testing\\\/#\\\/schema\\\/logo\\\/image\\\/\",\"url\":\"https:\\\/\\\/smartiersoftware.com\\\/testing\\\/wp-content\\\/uploads\\\/2023\\\/12\\\/Logo-Smartier-en-blanco.svg\",\"contentUrl\":\"https:\\\/\\\/smartiersoftware.com\\\/testing\\\/wp-content\\\/uploads\\\/2023\\\/12\\\/Logo-Smartier-en-blanco.svg\",\"width\":297,\"height\":372,\"caption\":\"Smartier Software\"},\"image\":{\"@id\":\"https:\\\/\\\/smartiersoftware.com\\\/testing\\\/#\\\/schema\\\/logo\\\/image\\\/\"},\"sameAs\":[\"https:\\\/\\\/www.facebook.com\\\/smartier.graphics\",\"https:\\\/\\\/www.instagram.com\\\/smartiergraphics\\\/\",\"https:\\\/\\\/www.youtube.com\\\/@smartiergraphics7522\",\"https:\\\/\\\/www.linkedin.com\\\/showcase\\\/smartier-graphics\\\/\",\"https:\\\/\\\/www.linkedin.com\\\/company\\\/smartier-software\\\/\"]}]}<\/script>\n<!-- \/ Yoast SEO plugin. -->","yoast_head_json":{"title":"Mi cuenta | Smartier Software","robots":{"index":"noindex","follow":"follow","max-snippet":"max-snippet:-1","max-image-preview":"max-image-preview:large","max-video-preview":"max-video-preview:-1"},"og_locale":"es_ES","og_type":"article","og_title":"Mi cuenta | Smartier Software","og_description":"Escritorio Pedidos Descargas Direcciones Detalles de la cuenta Cerrar sesi\u00f3n Escritorio Pedidos Descargas Direcciones Detalles de la cuenta Cerrar sesi\u00f3n Escritorio Pedidos Descargas Direcciones Detalles de la cuenta Cerrar sesi\u00f3n Escritorio Pedidos Descargas Direcciones Detalles de la cuenta Cerrar sesi\u00f3n Hola Admin (\u00bfno eres Admin? Cerrar sesi\u00f3n) Desde el escritorio de tu cuenta puedes ver [&hellip;]","og_url":"https:\/\/smartiersoftware.com\/testing\/mi-cuenta\/","og_site_name":"Smartier Software","article_publisher":"https:\/\/www.facebook.com\/smartier.graphics","article_modified_time":"2024-02-19T13:18:27+00:00","og_image":[{"width":1200,"height":675,"url":"https:\/\/smartiersoftware.com\/testing\/wp-content\/uploads\/2024\/04\/Imagen-del-sitio-yoast.jpg","type":"image\/jpeg"}],"twitter_card":"summary_large_image","twitter_misc":{"Tiempo de lectura":"2 minutos"},"schema":{"@context":"https:\/\/schema.org","@graph":[{"@type":"WebPage","@id":"https:\/\/smartiersoftware.com\/testing\/mi-cuenta\/","url":"https:\/\/smartiersoftware.com\/testing\/mi-cuenta\/","name":"Mi cuenta | Smartier Software","isPartOf":{"@id":"https:\/\/smartiersoftware.com\/testing\/#website"},"datePublished":"2023-12-12T13:22:50+00:00","dateModified":"2024-02-19T13:18:27+00:00","breadcrumb":{"@id":"https:\/\/smartiersoftware.com\/testing\/mi-cuenta\/#breadcrumb"},"inLanguage":"es","potentialAction":[{"@type":"ReadAction","target":["https:\/\/smartiersoftware.com\/testing\/mi-cuenta\/"]}]},{"@type":"BreadcrumbList","@id":"https:\/\/smartiersoftware.com\/testing\/mi-cuenta\/#breadcrumb","itemListElement":[{"@type":"ListItem","position":1,"name":"Portada","item":"https:\/\/smartiersoftware.com\/testing\/"},{"@type":"ListItem","position":2,"name":"Mi cuenta"}]},{"@type":"WebSite","@id":"https:\/\/smartiersoftware.com\/testing\/#website","url":"https:\/\/smartiersoftware.com\/testing\/","name":"Smartier Software","description":"Creado dentro de la industria gr\u00e1fica para estandarizar tu forma de cotizar y producir con cualquier sistema de impresi\u00f3n: impresi\u00f3n digital, gran formato, offset, flexo, serigraf\u00eda y mucho m\u00e1s.","publisher":{"@id":"https:\/\/smartiersoftware.com\/testing\/#organization"},"potentialAction":[{"@type":"SearchAction","target":{"@type":"EntryPoint","urlTemplate":"https:\/\/smartiersoftware.com\/testing\/?s={search_term_string}"},"query-input":{"@type":"PropertyValueSpecification","valueRequired":true,"valueName":"search_term_string"}}],"inLanguage":"es"},{"@type":"Organization","@id":"https:\/\/smartiersoftware.com\/testing\/#organization","name":"Smartier Software","url":"https:\/\/smartiersoftware.com\/testing\/","logo":{"@type":"ImageObject","inLanguage":"es","@id":"https:\/\/smartiersoftware.com\/testing\/#\/schema\/logo\/image\/","url":"https:\/\/smartiersoftware.com\/testing\/wp-content\/uploads\/2023\/12\/Logo-Smartier-en-blanco.svg","contentUrl":"https:\/\/smartiersoftware.com\/testing\/wp-content\/uploads\/2023\/12\/Logo-Smartier-en-blanco.svg","width":297,"height":372,"caption":"Smartier Software"},"image":{"@id":"https:\/\/smartiersoftware.com\/testing\/#\/schema\/logo\/image\/"},"sameAs":["https:\/\/www.facebook.com\/smartier.graphics","https:\/\/www.instagram.com\/smartiergraphics\/","https:\/\/www.youtube.com\/@smartiergraphics7522","https:\/\/www.linkedin.com\/showcase\/smartier-graphics\/","https:\/\/www.linkedin.com\/company\/smartier-software\/"]}]}},"_links":{"self":[{"href":"https:\/\/smartiersoftware.com\/testing\/wp-json\/wp\/v2\/pages\/3477","targetHints":{"allow":["GET"]}}],"collection":[{"href":"https:\/\/smartiersoftware.com\/testing\/wp-json\/wp\/v2\/pages"}],"about":[{"href":"https:\/\/smartiersoftware.com\/testing\/wp-json\/wp\/v2\/types\/page"}],"author":[{"embeddable":true,"href":"https:\/\/smartiersoftware.com\/testing\/wp-json\/wp\/v2\/users\/1"}],"replies":[{"embeddable":true,"href":"https:\/\/smartiersoftware.com\/testing\/wp-json\/wp\/v2\/comments?post=3477"}],"version-history":[{"count":187,"href":"https:\/\/smartiersoftware.com\/testing\/wp-json\/wp\/v2\/pages\/3477\/revisions"}],"predecessor-version":[{"id":8595,"href":"https:\/\/smartiersoftware.com\/testing\/wp-json\/wp\/v2\/pages\/3477\/revisions\/8595"}],"wp:attachment":[{"href":"https:\/\/smartiersoftware.com\/testing\/wp-json\/wp\/v2\/media?parent=3477"}],"curies":[{"name":"wp","href":"https:\/\/api.w.org\/{rel}","templated":true}]}}